s q(4)?
-30
Let x(l) = 4*l**2 + 4*l + 45. Let g(w) = w**2 + w + 11. Let r(m) = 9*g(m) - 2*x(m). Give r(0).
9
Let d(x) = -x**2 - 2*x - 3. Let p(n) = -n**3 - 11*n**2 + 24*n - 30. Let h be p(-13). Give d(h).
-11
Let o(h) = 1. Let g(m) = -m**3 + 2*m**2 - 8. Let d(u) = -g(u) - 6*o(u). Let s be (-4)/(-3) + 2/3. Determine d(s).
2
Let r(q) = -q - 6 - 7*q**2 + 7*q + 5*q**3 - 4*q**3. Let y be ((-2)/5)/(((-8)/(-30))/(-4)). Give r(y).
-6
Let c be ((-7)/(-4))/(2/8). Let l(j) = -j**3 + 8*j**2 - 7*j + 5. Give l(c).
5
Let o(z) = z**2 - 6*z - 4. Let k be o(7). Suppose -k*b + 2 + 4 = 0. Let g(q) = 5 - 2*q + 0*q**2 + q**2 - 2*q**b. What is g(-4)?
-3
Suppose v + 3 = 2. Let i be (-5 - -6)/(v/(-10)). Suppose i = -5*r - 5. Let q(n) = -n - 5. Give q(r).
-2
Let r(y) = 4*y - 3. Let l(k) = -17*k + 12. Let o(v) = v**3 + v**2 + 6. Let t be o(0). Let j be t/27*3*-3. Let p(a) = j*l(a) - 9*r(a). What is p(2)?
-1
Let n(a) = 4*a**2 + 3*a - 12 + 7 - 3*a**2. Let r(b) = -2*b**2 - 6*b + 10. Let i(q) = -5*n(q) - 3*r(q). What is i(-4)?
-1
Let f = -30 + 32. Let l(c) be the first derivative of 4*c - 3*c**f + 1/3*c**3 - 3. Determine l(5).
-1
Let o(a) = -11*a. Let t = -13 + 19. Let l = t + -4. Suppose -1 = 3*w + l. Give o(w).
11
Let m(l) = 7*l - 7. Let t be (-49)/3 + 4/(-6). Let u(f) = 20*f - 20. Let c(j) = t*m(j) + 6*u(j). Let i = -5 + 8. Calculate c(i).
2
Let v(j) = -j + 4. Let k be v(2). Suppose 4*g + k = -2. Let y(t) = 6*t**3 - t**2 + t + 1. Calculate y(g).
-7
Let r(k) = 2*k + 1. Let f be r(2). Let m be (-2)/(-10) - (-24)/f. Let p(s) = s**2 - 3*s - 6. Let o be p(m). Let t(c) = c + 1. What is t(o)?
5
Let m(l) = l - 7. Let v be m(6). Let t be v + (-3)/(2 - 1). Let i(s) = -s**2 - 4*s - 4. Let p be i(t). Let y(g) = g**3 + 3*g**2 - 4*g - 3. Calculate y(p).
-3
Let u(n) = -2*n. Let b(x) = 2*x**2 + 11*x + 0*x**2 - 4*x**2 - 15 + 3*x**2. Let d be b(-12). Calculate u(d).
6
Let k(a) be the first derivative of -a**4/4 + 5*a**3/3 + a**2/2 - 4*a - 9. Determine k(5).
1
Let m(b) be the first derivative of b**3 - b**2/2 - 23. Give m(1).
2
Let w = -3 + 2. Let a = 2 + w. Let l(d) be the second derivative of 3*d**3/2 - d**2/2 + 4*d. Determine l(a).
8
Let z(p) = -3*p**2 - 1. Suppose 0 = -g + 3*g - 4. Let w be 4 + -1 - 4/g. Determine z(w).
-4
Let k(w) = 1 + 2*w + 1 - 4. Let p be (-4)/16 - 17/(-4). Calculate k(p).
6
Let u(l) = -l**2 + 1 + 2 + 4. Calculate u(0).
7
Let n(d) be the first derivative of d**3/2 - 3*d**2 + 9*d + 9. Let f(l) be the first derivative of n(l). Determine f(4).
6
Let s(j) be the first derivative of -j**4/4 + j**2/2 - 7*j + 20. What is s(0)?
-7
Suppose t + 0 = 2. Let w(p) = -3*p**t - 1 + 4*p**2 - 2*p**2 + 6*p. Give w(6).
-1
Let u(a) = a - 1. Let v be 1/(1/2) - 0. Suppose 3 = 4*d + 3*i, 2*i = -3*d - 4 + 5. Let r be (v - 0) + (d - 1). What is u(r)?
-3
Let t(o) = -o**3 + o**2 + 1. Let b(d) = -2*d**3 + 8*d**2 + 2*d - 1. Let v(p) = b(p) - 3*t(p). What is v(-5)?
-14
Suppose -7 = 4*j + 5*f - 26, -5*j + 28 = 2*f. Let v(s) = 2*s**3 - 23645 - 7*s**2 + 23653 + 5*s - s**3. What is v(j)?
2
Let m be ((-3)/6)/((-3)/18). Let p(y) = y**2. Calculate p(m).
9
Let j(g) = -5*g + 5. Suppose -2*l + 6 = -2. Let w(d) = -20*d + 17. Let r(t) = -7*t + 6. Let c(n) = 17*r(n) - 6*w(n). Let s(u) = l*c(u) + j(u). Give s(4).
1
Let a(i) be the second derivative of 4*i - 1/20*i**5 - 1/6*i**3 + 1/2*i**2 + 0 + 0*i**4. Calculate a(-2).
11
Let z = 3 - 0. Let t be z + (-8 - (-3 + 3)). Let s(u) = u**3 + 4*u**2 - 6*u - 4. Determine s(t).
1
Let y be 4/(-14) - 92/(-28). Suppose -u = -4*p - 7, u = 3*p + 3 + y. Let q(k) = u*k - k**3 - 2*k + 6 - 2*k. What is q(0)?
6
Let l(r) = -r**2. Let a(z) = z**2 - 8*z + 7. Let x(k) = -a(k) - 2*l(k). What is x(-9)?
2
Let k(u) be the second derivative of -u**5/20 - 7*u**4/12 + 7*u**3/6 - 5*u**2/2 - 16*u. Give k(-8).
3
Let j(c) = c + 8. Let u(m) = 1. Let r(s) = -j(s) + 3*u(s). Let o be (-2*35/14)/(-1 + 0). What is r(o)?
-10
Let a be 1 + (4 - (0 + 0)). Let x(f) be the first derivative of -2*f**3/3 + 4*f**2 - 4*f + 1. Give x(a).
-14
Let y(q) = -2*q**2 + 6*q - 5. Let n(r) = 3*r**2 - 5*r + 4. Let v(o) = -3*n(o) - 2*y(o). Give v(2).
-16
Let f(t) = -4*t + 37*t**2 - 32*t**2 - t**3 - 4 + 9. What is f(4)?
5
Let r(f) = -15*f - 37. Let l(w) = -7*w - 17. Let d(v) = -13*l(v) + 6*r(v). Let t = 1 - -5. Give d(t).
5
Let i(a) = -a + 2. Let t be i(0). Suppose -10 = -0*y + 3*y - 5*f, f = 2*y + t. Let c(o) = -o**3 - o**2 - o - 7. Determine c(y).
-7
Let q(f) = -f**2 - 1. Let z be q(1). Let i(c) = 7*c. Let g(b) = -11*b. Let n(k) = -5*g(k) - 8*i(k). What is n(z)?
2
Suppose 3*u + 1 = -17. Let s(a) = a**3 + 7*a**2 + 3*a - 8. What is s(u)?
10
Let y(g) be the third derivative of -g**5/60 - g**4/8 + g**3/2 + g**2. Suppose o - 3*m = -o - 2, 2*o = -3*m - 14. Give y(o).
-1
Let l(w) = 2*w**2 + 7*w + 5. Suppose -4*z + 2*z = 0. Suppose -q + 19 = -3*d + 7, q = z. Give l(d).
9
Let n(o) = -9*o - 2. Let t(f) = 25*f + 7. Let v(r) = -17*n(r) - 6*t(r). Determine v(7).
13
Let q(w) be the third derivative of -w**6/120 + w**5/5 - w**3 + w**2. What is q(12)?
-6
Let k(y) = -y**2 - y - 10*y**3 - 2*y**3 + 2*y**2. Calculate k(1).
-12
Let b(s) = s**2 + 6*s + 1. Let i be b(-5). Let p(t) = 2*t - 4. Let o(r) = r - 2. Let y(v) = -5*o(v) + 2*p(v). Give y(i).
6
Let q(d) = -d**2 + 4. Let b = 26 - 23. Calculate q(b).
-5
Let y be (-68)/(-8)*(-2)/1. Let j be y/(-4) - 9/(-12). Suppose -j*f + 9 - 34 = 0. Let w(n) = n**2 + 3*n - 7. What is w(f)?
3
Let b(y) = -y**3 + 4*y**2 - y - 3. Let l(p) = p - 1. Let w be l(1). Let d(s) = -9*s + 12*s + s**2 - 1 + w. Let x be d(-4). What is b(x)?
3
Let k(l) = -3*l**3 + 3*l**2 + 2*l + 3. Let c(r) = 7*r**3 - 5*r**2 - 3*r - 7. Suppose -5*q - 24 = 21. Let j(w) = q*k(w) - 4*c(w). Give j(-6).
1
Suppose 5*z - 8 - 42 = 0. Let l be 14/z + 2/(-5). Let q(j) = l + 3*j - 2*j - 3 - j**3. What is q(2)?
-8
Let t(k) = -k**2 - 3*k + 4. Suppose 0*u + 5 = -u. Let i = 1 + u. Calculate t(i).
0
Let s(x) = -x**2 + 5. Let b(h) = -h**2 + h + 4. Let r(a) = -7*b(a) + 6*s(a). Determine r(5).
-8
Let v(q) = -4*q + 3. Let n = 12 - 15. Let i(j) = 11*j - 9. Let s(o) = n*i(o) - 8*v(o). Calculate s(5).
-2
Let x(q) = -q**3 - 10*q**2 - 9*q + 1. Let z be x(-9). Let w(d) = 6*d**3 - d**2 - d + 1. Give w(z).
5
Let v(y) = y**3 - 2*y**2 - 3*y + 3. Let l(a) = -a - 8. Let k be l(-8). Suppose k = -4*o - 2*h + 8, -2*o + 6 = -h - 2. Determine v(o).
3
Let y(h) = h**2 - 4*h + 5. Suppose 3*t + 3*o = 3, 5*t - 2*t - 9 = -o. What is y(t)?
5
Let r(n) = 2*n - 8. Let b be r(6). Suppose -z = -2*x - b*z + 2, -4 = -4*x + z. Let u(h) = 2*h**2 - h**2 - 3 - h - x. Determine u(4).
8
Let i(s) = -s + 2. Let y(w) = 2*w**2 - 15*w + 9. Let l be y(7). Calculate i(l).
0
Let k(n) = -2*n**3 + 1. Let l be (-2)/6*-3*4. Suppose 4*g + 0 = -l. What is k(g)?
3
Let s(y) be the second derivative of 2*y**4/3 + 2*y. Suppose -2*z + 2 = 5*j, -2*z - j - 1 = -3. Give s(z).
8
Let z(m) be the second derivative of m**8/6720 - m**7/840 + m**5/60 - m**4/4 - 4*m. Let d(h) be the third derivative of z(h). Let c = 10 - 7. Give d(c).
2
Let m = 0 + 2. Let z(h) = 0*h**m + 4 - 4*h**2 + h**2 + 2*h**2. Determine z(0).
4
Let f = -5 + 3. Let s be (f/(-6))/(5/(-30)). Let k be s - -4*(-9)/(-6). Let o(a) = -a - 1. Give o(k).
-5
Let s(m) = 4*m**3 - 2*m + 1. Let w be s(1). Suppose -6 = -3*l - 0*l. Let a(j) = -4*j - 2*j**2 + 3*j**2 + 6*j**2 - 5*j**l + 1. Give a(w).
7
Let g(n) = -n + 3. Let t(h) = 1 + 3*h - 5*h + 0*h + 5. Let m(s) = -7*g(s) + 4*t(s). Determine m(4).
-1
Let r(u) be the first derivative of 4*u + u**3 - 3/2*u**2 - 3 + 1/4*u**4. Determine r(-4).
0
Suppose -j = 3*l + 12, -l + 3*j - 6 = 4*l. Let x(d) = -4*d - 4. Calculate x(l).
8
Let a(f) = -f**3 - f - 2. Suppose -6 = -5*g + 3*u + 9, 2*g - 2*u = 10. Determine a(g).
-2
Let b(y) = -y - 7. Let i be b(-6). Suppose 2*r + 4 = 0, o + 4*o + 2*r = 6. Let h(g) = 4*g**3 + g - 4*g + g**o + 4*g. Give h(i).
-4
Let c(n) = 2*n**2 - 2*n - 1. Let o be -1*(7 - (-2 + 5)). Let q be ((-2)/o)/((-11)/22). Determine c(q).
3
Let y = 130 + -124. Let j(a) = a**3 - 7*a**2 + 6*a + 1. Give j(y).
1
Let k(f) be the first derivative of -f**5/120 + f**4/2 + 2*f**3/3 + 5. Let i(l) be the third derivative of k(l). Give i(5).
7
Let w(q) = 2*q**2 - q + 7. Let p(y) = y**2 + 1. Let l(u) = 3*p(u) - w(u). What is l(3)?
8
Let x(u) = u**2 + u + 1. Let i(g) = 5*g**2 + 6*g + 2. Let p(j) = -i(j) + 4*x(j). Suppose 2*k